f(4).
-1
Let b(k) = -k**3 - 17*k**2 + 3764*k + 63993. Determine b(-17).
5
Let v(h) = -2*h**3 - 15*h**2 - 18*h - 60. What is v(-8)?
148
Let x(h) = -843*h - 5930. Give x(-7).
-29
Let y(g) = 2*g**3 - 33*g**2 + 30*g - 785. Give y(17).
14
Let o(g) = -188*g + 744. Give o(4).
-8
Let m(k) = -4*k**2 - 50*k + 49. Calculate m(1).
-5
Let h(s) = s**3 - 88*s**2 - 7*s + 590. What is h(88)?
-26
Let r(b) = 89*b**2 - 544*b - 11. Determine r(6).
-71
Let v(p) = 55*p - 217. Give v(4).
3
Let i(j) = 101*j + 2216. Calculate i(-22).
-6
Let q(d) = -3*d - 76. What is q(7)?
-97
Let a(u) = -149*u + 3279. Calculate a(22).
1
Let p(w) = 270*w - 243. Calculate p(0).
-243
Let z(a) = -14*a - 334. Give z(-34).
142
Let u(v) = -17*v - 777. Determine u(-40).
-97
Let b(n) = -12*n**2 - 143*n + 530. Determine b(-15).
-25
Let n(h) = -2*h + 118. What is n(9)?
100
Let n(b) = -5*b**2 - 3*b + 5. Determine n(2).
-21
Let n(q) = 6*q**2 + 104*q - 257. Calculate n(3).
109
Let d(t) = 71*t - 802. What is d(10)?
-92
Let u(p) = -p**3 + 2*p**2 + 48*p + 1. Calculate u(8).
1
Let t(b) = 29*b**2 - 11*b + 17. What is t(2)?
111
Let r(t) = -3220*t - 32205. Give r(-10).
-5
Let o(d) = -d**3 - 29*d**2 - 28*d - 33. What is o(-28)?
-33
Let d(u) = 2*u**2 + 5*u + 126. Give d(-21).
903
Let u(m) = m**2 + 56. Give u(10).
156
Let n(k) = 11*k**3 - 5*k**2 - 3*k + 6. Determine n(-2).
-96
Let c(q) = -2444*q + 12265. Determine c(5).
45
Let f(x) = 147*x - 7026. Determine f(48).
30
Let b(f) = 874*f - 3459. Determine b(4).
37
Let g(k) = 30*k**2 - 222*k - 6. What is g(8)?
138
Let j(u) = u**3 + 28*u**2 + 33*u - 67. Calculate j(-26).
427
Let m(k) = k**3 + 20*k**2 + 2*k - 11. What is m(-20)?
-51
Let y(d) = -2123*d - 29663. What is y(-14)?
59
Let z(w) = w**2 + 37*w + 240. Determine z(-8).
8
Let s(v) = -v**2 + 3*v + 146. Calculate s(-10).
16
Let o(d) = 6*d**2 + 201*d + 96. Give o(-36).
636
Let m(b) = 224*b - 5. Calculate m(0).
-5
Let q(g) = -191*g**2 + 5*g + 4. Calculate q(-1).
-192
Let g(m) = 30*m + 387. Determine g(-10).
87
Let l(o) = -5*o**3 - 2*o**2 + 35*o + 29. Determine l(-6).
827
Let n(q) = -436*q + 9108. Determine n(21).
-48
Let o(s) = 56*s**2 + 18*s + 64. Give o(-4).
888
Let z(p) = 2*p**3 + 175*p**2 + 1991*p - 524. What is z(-74)?
-6
Let b(t) = -t**2 + 12*t - 52. Give b(9).
-25
Let a(u) = u**3 + 58*u**2 - 254*u + 5. What is a(4)?
-19
Let d(g) = -40*g + 4454. Determine d(112).
-26
Let s(o) = -142*o - 431. What is s(-3)?
-5
Let s(f) = -f**2 - 83*f + 3980. Give s(-117).
2
Let d(g) = 945*g - 12263. What is d(13)?
22
Let p(c) = -19*c - 893. Give p(-63).
304
Let b(q) = -q**3 - 45*q**2 - 9*q - 376. Give b(-45).
29
Let p(b) = b**2 - 22*b + 67. Determine p(4).
-5
Let p(d) = -d**2 - 80*d - 835. What is p(-63)?
236
Let u(q) = -8*q**2 + 10*q + 8. What is u(2)?
-4
Let h(s) = -s**3 + 10*s**2 + 12*s + 14. Give h(9).
203
Let n(m) = 7*m**3 - 5*m**2 - 10*m - 4. Calculate n(-1).
-6
Let q(z) = 3*z**2 - 323*z - 1661. Determine q(112).
-205
Let h(u) = 14*u + 447. Determine h(-32).
-1
Let u(q) = -q**3 - 10*q**2 - 18*q + 6. Give u(-4).
-18
Let z(n) = 90*n + 491. Give z(-6).
-49
Let l(b) = 2989*b + 47825. Determine l(-16).
1
Let w(k) = 55*k**2 - 511*k - 24. Give w(10).
366
Let t(d) = 3*d**2 + 109*d - 110. Give t(-38).
80
Let t(b) = -551*b + 3294. What is t(6)?
-12
Let x(t) = -9*t**2 + 15*t - 8. Calculate x(10).
-758
Let f(v) = -8*v + 39. Give f(3).
15
Let t(k) = 19*k**2 - 3310*k + 693. Determine t(174).
-3
Let m(b) = 15*b + 167. Determine m(3).
212
Let p(f) = -f**2 + 115*f - 757. What is p(7)?
-1
Let u(a) = a**3 - 36*a**2 + 38*a - 91. Give u(35).
14
Let z(q) = 6*q**2 + 104*q + 428. What is z(-10)?
-12
Let q(l) = -67*l**3 + 4*l**2 - 2*l. Calculate q(1).
-65
Let o(d) = 4*d**2 + 39*d + 14. What is o(-11)?
69
Let s(q) = -5*q**2 + 21*q - 85. Give s(6).
-139
Let m(l) = -1335*l - 42724. What is m(-32)?
-4
Let b(q) = -2*q**3 + 93*q**2 - 135*q + 27. Calculate b(45).
27
Let p(f) = 3*f**2 - 30*f + 69. Give p(5).
-6
Let s(t) = -2244*t - 22414. What is s(-10)?
26
Let s(u) = -u**2 + 12*u + 31. Determine s(13).
18
Let x(s) = -11034*s + 154484. Calculate x(14).
8
Let v(z) = -z**3 - 35*z**2 + 149*z + 2812. Determine v(-37).
37
Let l(c) = -c**3 + 52*c**2 + 112*c - 130. Determine l(54).
86
Let q(g) = -569*g - 2763. Calculate q(-5).
82
Let u(i) = 2*i**3 - 24*i**2 - 25*i + 24. Calculate u(13).
37
Let h(o) = -o**3 + 152*o**2 - 303*o + 452. Give h(150).
2
Let g(t) = 2183*t - 19632. Determine g(9).
15
Let y(a) = 2830*a - 39652. What is y(14)?
-32
Let x(d) = -d**2 - 38*d + 35. Calculate x(-42).
-133
Let x(w) = -10*w + 140. Determine x(0).
140
Let k(g) = g**3 - 20*g**2 + 47*g + 14. Determine k(3).
2
Let x(l) = 32*l - 1671. Give x(51).
-39
Let y(s) = 25*s - 140. Determine y(9).
85
Let w(r) = r**2 - 27*r + 101. Calculate w(23).
9
Let u(l) = 6*l**2 + 86*l - 1401. Determine u(-24).
-9
Let b(i) = -i**3 + 142*i**2 + 432*i + 438. Calculate b(145).
3
Let r(l) = -29*l**2 - 3*l - 1. Determine r(-1).
-27
Let i(s) = 68*s + 236. Calculate i(-4).
-36
Let o(u) = -u**3 - 4*u**2 - 35*u - 16. Calculate o(-5).
184
Let u(z) = z**3 - 3*z**2 - 7*z + 52. Give u(3).
31
Let r(t) = 3*t**3 - 301*t**2 + 107*t - 706. What is r(100)?
-6
Let h(g) = -g**3 - 18*g**2 - 263*g - 1289. Give h(-7).
13
Let f(i) = 11*i + 468. Determine f(-64).
-236
Let m(y) = 92*y - 2829. What is m(31)?
23
Let h(v) = 4*v**3 + 64*v**2 + 198*v - 16. What is h(-12)?
-88
Let c(f) = -1469*f - 16168. Determine c(-11).
-9
Let p(h) = -16*h**2 + 11*h - 33. Give p(2).
-75
Let d(m) = -m**3 - 10*m**2 - 12*m - 10. Calculate d(-8).
-42
Let i(u) = 19*u - 64. Determine i(8).
88
Let d(q) = q**3 + 33*q**2 - 190*q + 75. Calculate d(-38).
75
Let p(i) = i**2 - 56*i + 478. Determine p(12).
-50
Let q(g) = 21*g**3 - 167*g**2 - 3*g - 25. Give q(8).
15
Let u(m) = -12*m**2 + 214*m + 29. Determine u(18).
-7
Let z(x) = -3*x**3 + x**2 - 10*x - 8. Determine z(-1).
6
Let k(y) = -y**2 - 21*y - 52. What is k(-28)?
-248
Let i(c) = -4*c**2 + 136*c - 904. What is i(7)?
-148
Let q(o) = -o**2 - 2729*o + 16389. Calculate q(6).
-21
Let f(k) = -k**2 + 33*k + 92. Determine f(-3).
-16
Let d(r) = -2*r**3 + 14*r**2 - 2*r + 13. Give d(7).
-1
Let h(r) = r**2 - 150*r - 1597. What is h(-10)?
3
Let j(i) = 7*i + 8. Determine j(10).
78
Let d(l) = l**3 + 30*l**2 - 10*l + 1772. What is d(-32)?
44
Let u(i) = 2*i**2 - 179*i + 1762. What is u(10)?
172
Let m(d) = -23*d**2 + 128*d + 408. Calculate m(-3).
-183
Let h(z) = 11*z + 180. What is h(-13)?
37
Let a(d) = d**3 + 140*d**2 + 142*d + 339. Calculate a(-139).
-78
Let w(z) = -z**2 + 22*z + 281. Determine w(-8).
41
Let b(q) = 78*q + 13. Determine b(1).
91
Let f(g) = g**3 - 10*g**2 - 8*g + 193. Calculate f(8).
1
Let z(m) = -2*m**3 + 132*m**2 + 2428*m + 131. What is z(81)?
-31
Let r(b) = 1888*b - 18861. Determine r(10).
19
Let r(t) = 3*t + 150. Calculate r(-45).
15
Let v(g) = g**3 + 7*g**2 - 26*g - 12. What is v(-6)?
180
Let q(z) = z**3 - 74*z**2 - 123*z + 14289. Give q(73).
-19
Let w(a) = a**3 + 6*a**2 + 8*a + 10. Determine w(-5).
-5
Let g(j) = -j**3 - j**2 - 3*j - 10. Determine g(-4).
50
Let n(q) = 2*q**2 + 24*q + 5. Calculate n(-5).
-65
Let a(u) = -2*u**2 + 6*u - 55. What is a(9)?
-163
Let i(b) = -b**2 - 90*b - 425. What is i(-5)?
0
Let r(u) = 2*u**3 + 11*u**2 - 41. What is r(-5)?
-16
Let z(a) = 34*a - 295. Determine z(8).
-23
Let t(x) = -459*x + 5502. Determine t(12).
-6
Let m(y) = -y**3 - 6*y**2 - 7*y + 35. Determine m(-5).
45
Let t(k) = 274*k + 3286. What is t(-12)?
-2
Let i(k) = -100*k - 3895. Determine i(-39).
5
Let q(i) = 12*i + 192. Determine q(-12).
48
Let k(q) = -5*q**2 - 50*q + 159. Calculate k(-14).
-121
Let l(k) = -k**2 + 70*k - 336. Calculate l(5).
-11
Let t(d) = d**3 - 76*d**2 + 1223*d - 225. Determine t(53).
-13
Let r(b) = 256*b - 1539. Determine r(6).
-3
Let b(u) = -38*u - 3898. Calculate b(-101).
-60
Let o(f) = 2*f**2 - 26*f + 60. Give o(10).
0
Let i(g) = 27*g**2 + 15*g + 118. What is i(-5)?
718
Let n(s) = s**2 + 78*s + 1483. Give n(-45).
-2
Let z(a) = 5*a**2 + 5*a + 10. What is z(-2)?
20
Let q(j) = -4*j**3 - 52*j**2 - 123*j - 15. Calculate q(-10).
15
Let i(h) = -2*h**3 + 21*h**2 - 10*h + 22. Determine i(10).
22
Let g(h) = 17*h - 153. Calculate g(3).
-102
Let l(t) = -3*t**2 - 19*t - 40. Calculate l(-11).
-194
Let h(f) = -12*f + 207. Determine h(20).
-33
Let z(q) = -13*q + 547. Determine z(39).
40
Let z(q) = -2*q**2